39 + 15*f + 6*f**2 + f**3 + 8144. Give s(-10).
-45
Let p(h) = h**2 - 6*h + 5. Let z(s) = -s**2 + 13*s - 24. Let a be z(9). Suppose -5*w + 25 = 0, -3*u - 8*w = -a*w - 1. Determine p(u).
12
Let v(m) = 3*m**2 + 40*m + 118. Let r be v(-9). Let z(h) = -4*h**3 - 2*h**2 + h + 2. What is z(r)?
-3
Let c(n) be the first derivative of -n**2/2 + 19*n - 13. Let d(h) = -h. Let z(w) = -c(w) - 3*d(w). Let s be z(6). Let k(x) = 2*x + 4. Calculate k(s).
14
Let t(z) be the second derivative of -z**4/3 + 2*z**3/3 - 13*z**2/2 - 28*z - 54. Give t(2).
-21
Let o(f) be the second derivative of 5/4*f**4 - 1/20*f**5 - 2*f**3 + 0 + 143*f - 17/2*f**2. Give o(14).
11
Let i = -496 + 494. Let u(j) = 2*j**3 + j**2 + j + 1. What is u(i)?
-13
Let l(c) = -8*c + 5. Let m = 176 + -183. Let r be (-4*(m - -8))/(-1). Calculate l(r).
-27
Let b(g) be the first derivative of g**4/4 + 7*g**3/3 - g**2 + 2*g + 49. Let y be -3 + (-8)/8*4. What is b(y)?
16
Let v(t) = -55*t - 493. Let o = -41910 - -41901. Calculate v(o).
2
Let p(s) = 15*s + 12. Let t = 10487 - 10489. Determine p(t).
-18
Let b(i) = -i**3 + 4*i**2 + 11*i - 3. Suppose 0 = 6*n - 271 - 599. Let p = 151 - n. What is b(p)?
-9
Let r(v) = -v**2 + 30*v + 84. Let m(x) = -2*x - 5. Let k(t) = -6*m(t) - r(t). Give k(18).
-54
Let v(d) = 0 + 13 - d**2 - 13 - 3*d. Let y be 6/(-1)*32/(-12). Let l = 12 - y. Determine v(l).
-4
Let s(o) = -o**2 + 2*o - 6. Let d(g) = 2*g**2 - 5*g + 11. Let z(b) = 4*d(b) + 7*s(b). Let f be z(7). Let i(m) = m**2 - 9*m - 6. What is i(f)?
-6
Let a(k) = -k**2 - 5. Let j be (0/3)/(-3) - -1. Let b be 18/(12/(-8) + j). Let o = -36 - b. Determine a(o).
-5
Let c = -487 + 725. Let v = -234 + c. Let f(z) be the first derivative of z**2 - 6*z - 4. What is f(v)?
2
Let a(b) be the second derivative of -b + 0*b**2 + 7/6*b**3 - 56. Let i = -1 + 3. Give a(i).
14
Let r(i) = 2*i + 4. Let b(c) = c. Let t = -27 - -15. Let v(s) = t*b(s) - r(s). What is v(-3)?
38
Let r(h) = 10*h - 1 + 5 - 1 - 11*h**2 - 5712*h**3 + 5713*h**3. Give r(10).
3
Let s(y) be the third derivative of -y**6/120 + y**5/60 - y**4/8 - y**3/2 + y**2 - 131*y - 1. Calculate s(-1).
2
Let o(q) = q**2 - 2. Let r(w) = 4*w**2 - 9. Let j(b) = 9*o(b) - 2*r(b). Let u = -15 - -14. Let m be 1/(2*u/4). What is j(m)?
4
Let h(x) be the first derivative of -x**4/4 - 4*x**3/3 + x**2 - 2*x + 4425. Calculate h(-5).
13
Let o(i) = 4*i + 2. Let c(r) = -3*r - 2. Let h(m) = 3*c(m) + 2*o(m). Let j(s) = 2 + 63*s - 62*s + 1. Let v(u) = 3*h(u) + 2*j(u). Calculate v(-8).
8
Let q be (-12)/54*27 + 4 + (3 - 1). Let a(z) be the third derivative of 0 + 1/6*z**3 + q*z + 1/12*z**4 + 23*z**2. Calculate a(4).
9
Suppose 40 = a + 12. Suppose -52*h + 28 = -38*h. Let c(d) = d**3 - 6 + 28*d**2 - a*d**2 + h. What is c(3)?
23
Suppose 8 = 4*p + o - 0, -2*o = 2*p + 2. Let h(g) = p*g - 1 + 2 + 7 - 3 - 2*g. Calculate h(-13).
-8
Let t(q) = -67*q**2 - 5*q + 6. Let u(w) = 67*w**2 + 7*w - 8. Let h(b) = -4*t(b) - 3*u(b). What is h(1)?
66
Let b(w) = -w**3 + 7*w**2 - 2*w - 12. Let n be 5/2*(7 + 6*(-63)/90). What is b(n)?
-26
Let l(p) = -p**2 + 4*p + 153. Let o be l(-11). Let n(y) = -9*y - 82. Calculate n(o).
26
Let d = -832 + 832. Suppose -3*c = 2*c + 4*z - 8, c - 10 = 2*z. Suppose d = o + 5 - c. Let j(a) = -6*a**2. Determine j(o).
-6
Let b(h) = h**3 + 10*h**2 - 12*h - 2. Let i be b(-11). Let z = 12 - i. Let c(x) = 3*x + x**2 - 2*x + 3 + 1 + x**z - 3. What is c(-1)?
0
Suppose 373 = 7*q + 415. Let k(a) = -10*a - 57. Determine k(q).
3
Suppose r - 2*c + 6 = 0, c - 4 = -0*c. Suppose -7*i = -5*i + r*k, 3*i + 4*k = 4. Let d(u) = u**2 + 3*u - 2. What is d(i)?
2
Let h(s) = 2*s - 3*s**2 - 1177713 + s**3 - 3*s**2 + 1177710. Suppose f = 7*f - 36. Calculate h(f).
9
Let q(x) = 931*x - x**2 - 1 + 8 - 925*x. Calculate q(-5).
-48
Let d(l) = -153*l - 152. Let p be d(-1). Let v(b) = 13 - b - 10 - 2 + 4*b**3. Calculate v(p).
4
Let h be (189/(-6))/(4*2/(-16)). Let v = h + -73. Let b(r) = r**3 + 10*r**2 + 2*r + 5. Calculate b(v).
-15
Let v(a) = 33*a - 167. Let j be v(5). Let z(w) = 10*w**3 - w**2 + 2*w + 1. What is z(j)?
-87
Let a(g) = g**2 + 5*g + 7. Suppose -4*y - 6*y = -1200. Let u = -36 + y. Suppose 13*z + u = 19. What is a(z)?
7
Let l(c) = -15*c**2 - 9*c - 2. Let k(n) = 85*n - 3316. Let f be k(39). Give l(f).
-8
Let j(a) = -60*a - 256. Let g(o) = 17*o + 73. Let d(v) = 18*g(v) + 5*j(v). Give d(-7).
-8
Let m be (-10)/(-9)*3*(-6)/(-4). Suppose -37 = -2*k - 0*i - m*i, 53 = 4*k + 3*i. Let z(w) = k - 4*w + w - 12. What is z(-2)?
5
Suppose -2*b - r - 8 = 22, -r = -3*b - 35. Let j(d) be the third derivative of d**5/60 + d**4/2 - 13*d**3/6 - d**2. Give j(b).
0
Let c(p) = p**3 - 3*p**2 - 9*p. Suppose -28 + 22 = -n. What is c(n)?
54
Let f be (-2)/3 + (-10)/(-6). Let s(c) = -35*c**2 + 71*c + 18. Let z(p) = 37*p**2 - 83*p - 21. Let i(r) = -7*s(r) - 6*z(r). Give i(f).
24
Let v(r) = r**2 + r - 3. Let g(z) = -z + 3. Let t be (-6 - (1 - 5)) + 8. Let x be 4/t*(-84)/(-8). Let c be g(x). Determine v(c).
9
Let b(y) be the second derivative of y**5/20 - 5*y**4/12 + 2*y**2 - 5*y - 21. Suppose z + 28 = 33. Give b(z).
4
Let i(r) be the second derivative of 3*r**5/4 + r**4/4 - 2*r**3/3 + r**2 + 2798*r. Give i(1).
16
Let x(y) = 8*y - 150. Let q = -14381 + 14400. Determine x(q).
2
Let z(j) = -6*j + 4. Let u be z(1). Let t be (-6 - u - (0 + 0)) + 87. Let h = -85 + t. Let g(m) = -4*m**2 + 2*m. Determine g(h).
-20
Let h be 10*8/20 + -22. Let j be 12/(-54) - (-14)/h. Let i = 4 - j. Let g(q) = q - 7. Give g(i).
-2
Let q(s) be the third derivative of -10*s**2 + 0 - 13/24*s**4 - 1/120*s**6 - 5/2*s**3 + 0*s - 11/60*s**5. What is q(-10)?
15
Let t(z) = -z**3 + 1626*z**2 + 20 - 1607*z**2 - 22*z + 8. Calculate t(18).
-44
Let b(s) = 15*s - 1. Let z(c) = 12*c - 8. Let j(h) = b(h) - z(h). Let x be -5 - (-4)/(-34) - 4/(-34). What is j(x)?
-8
Let p(z) = 17 + 0 + 11 + 3*z + 0 + 7. Determine p(-10).
5
Let i(l) = -35*l**3 + 14*l**2 - 25*l + 18. Let d(z) = -76*z**3 + 28*z**2 - 49*z + 37. Let w(a) = -6*d(a) + 13*i(a). What is w(-16)?
-4
Let u(t) = -t**2 + 14*t - 9. Let s be (5 - -17) + 12 + -21. What is u(s)?
4
Let p(h) = -8*h**2 + 31*h + 71. Let i(y) = 6*y**2 - 21*y - 49. Let r(u) = -7*i(u) - 5*p(u). Calculate r(-9).
-102
Let r(y) = 7*y**3 - 35*y**2 - 17*y + 115. Let j(p) = -11*p**3 + 72*p**2 + 33*p - 229. Let k(c) = 3*j(c) + 5*r(c). Calculate k(-20).
8
Suppose -3*r = -2*d - 8, 4*r + 3*d - 29 = -24. Let s(q) be the third derivative of 2*q**2 + 0 + 0*q - 1/12*q**4 + 1/60*q**5 - 1/6*q**3. What is s(r)?
-1
Let f(l) be the second derivative of -24*l + 0*l**2 + 5/6*l**3 + 0 - 1/24*l**5 + 0*l**4. Let z(b) be the second derivative of f(b). Calculate z(1).
-5
Let x(m) be the first derivative of -m**4/4 + 25*m**3/3 + 13*m**2 + 2*m + 3380. Give x(26).
2
Let g(t) = -t**3 + t + 27. Suppose 1 - 2 = -150*c - 1. What is g(c)?
27
Suppose 0 = 8*r - 2*r. Let m = r + 61. Let s(h) = -5*h - m + 33 + 27. Give s(-1).
4
Let q = -2881 + 2878. Let v(d) be the second derivative of -d**3/2 - d**2 - 10*d. Determine v(q).
7
Suppose -4*u - 16 = 2*s, 5*u = -3*s - 42 + 25. Let c(l) = -3*l**2 - 14*l + 47. Determine c(u).
-2
Let b(p) be the first derivative of p**2/2 - 9*p - 92. Let j(u) = 2. Let o(v) = -3*b(v) - 24*j(v). Determine o(-6).
-3
Suppose 0 = 2*t - 4*d - 4206, 97 = d + 94. Let r(h) = -1 - 2113*h**2 + 4220*h**2 + 7*h**3 - t*h**2 - 2*h. Suppose -3*m + 3 = 3*n, -8 = 4*m - 3*n + 2. Give r(m).
-8
Let b(z) be the second derivative of -1/6*z**4 + 1/20*z**5 - 1/2*z**2 + 0 + 130*z - 1/3*z**3. Give b(-1).
-2
Suppose -4*u - a + 10 = 0, -2*u = -3*a - 0*a - 12. Let w(r) = -134*r - r**2 - 1 + 0 - 31*r**u + 133*r. Calculate w(-1).
30
Let u(x) = -16*x**2 - 3*x**2 + 6*x + 18*x**2 + 11 + 2*x**2. Determine u(-2).
3
Let m(h) = 20*h**3 + 5*h**2 - 4*h + 6. Let b(s) = 23*s**3 + 5*s**2 - 5*s + 8. Let x(l) = -6*b(l) + 7*m(l). Give x(-3).
-21
Let t(l) = l**2 + 2*l - 6. Let v = 25 - 21. Suppose -6*w + 4*w = -v. Suppose -4*u + 8 = -w*x - 12, 0 = -3*x - 6. Determine t(u).
18
Let t(y) = -y**2 - 47*y - 280. Let f be t(-7). Suppose 4*v - 32 = -3*p, 4*p - 6*v + 2*v = -4. Let j(s) = -4 + p + 4 - s. Give j(f).
4
Suppose -1082 + 1558 = -7*q. Suppose 190 = 5*z - 165. Let i = q + z. Let b(g) = -2*g**3 + 4*g**2 + g - 2. Give b(i).
-17
Let t(j) = -2*j**2 + 11*j - 11. Suppose -204*h + 393 = -423. What is t(h)?
1
Let g(q) be the first derivative o